= -13, 6 - 1 = b + 5*u. Calculate the greatest common divisor of 40 and b.
10
Suppose -4*b = -r + 70, -2*b = b. Calculate the greatest common divisor of 10 and r.
10
Suppose 3*t + g + g = 46, -3*t + g + 31 = 0. Suppose -2*r - 2*r = -t. Suppose r*h - 5*z = 58, h + 1 = z + 17. What is the highest common divisor of 33 and h?
11
Let y(r) = -r**3 - 4*r**2 + 5*r + 4. Let l = -11 - -6. Let c be y(l). Let g = 4 + 16. What is the highest common factor of g and c?
4
Let j = 35 + -8. What is the greatest common divisor of j and 270?
27
Suppose 6*v - 3*u = 2*v + 736, -161 = -v - 5*u. Suppose -v = 2*f - 7*f + 3*i, -f + 29 = 3*i. What is the greatest common divisor of 7 and f?
7
Let t be (0 - 0)*(3 - 2). Let s be (t - -97) + 3/(-3). Let k(p) = -3*p**3 - 2*p**2 + 2*p. Let o be k(-2). Calculate the highest common divisor of o and s.
12
Let f be -2*(-2)/(-2) - -19. What is the highest common factor of f and 119?
17
Suppose -4*u + 2 = -126. Calculate the highest common factor of 4 and u.
4
Suppose -3*k - 2*k + 45 = 0. Let q(a) = 0*a**3 + k*a**2 + 3*a + a**3 - 3*a**2 - 5. Let v be q(-4). What is the highest common factor of v and 15?
15
Let c = -5 + -1. Let f be 60/18 - 4/c. Calculate the greatest common divisor of 32 and f.
4
Let s = 504 - 251. What is the highest common factor of s and 23?
23
Let v = 19 - -11. Calculate the highest common factor of 12 and v.
6
Suppose 0 = 3*a - 0*a. Suppose a = -5*v - 3*g + 29, g + 8 + 1 = v. What is the greatest common divisor of v and 49?
7
Suppose 0 = -0*h - h - 1. Let a be (0/h + -39)/(-1). Let r = 27 - 14. Calculate the highest common divisor of a and r.
13
Suppose -4*y - t = t - 976, -4*y + 960 = -2*t. What is the highest common divisor of 22 and y?
22
Let i(y) = 2*y**2 + 2*y - 7. Let j be i(6). Let m be (21/28)/((-2)/(-88)). Let g be (5 - 1)*m/12. Calculate the greatest common factor of j and g.
11
Suppose 0 = 2*a + 3*c - 11, -4*c + 9*c = -25. Let d = -6 - -10. Suppose -d*f = 3*q - 5*q + 212, 109 = q - 5*f. Calculate the highest common factor of q and a.
13
Suppose j + 289 = 2*w, w - 6*j = -j + 158. Calculate the highest common divisor of 11 and w.
11
Suppose m + 3*x = -m + 21, -4 = -3*m + x. Suppose -32 = -m*i + i. Let l be (-114)/(-12) + 3/(-2). What is the highest common divisor of i and l?
8
Suppose y = -3*y - 3*g + 15, g - 5 = -3*y. Let v be (y - -3)/(13/65). Calculate the greatest common divisor of v and 15.
15
Let w be 5 + (-5)/((-15)/9). Let q = w - -22. Let f(h) = h**2 + h + 3. Let o be f(6). Calculate the highest common divisor of o and q.
15
Suppose 5*l = o + 3*o + 38, -5*o = 2*l - 35. Suppose 3*r - 2*b - 242 = -4*b, 5*b = 5. What is the highest common divisor of l and r?
10
Suppose -16*u - 40 = -21*u. What is the greatest common factor of 56 and u?
8
Let b = -34 + 54. Let j(x) = 2*x**2 + 2. Let w = 1 - -1. Let z be j(w). Calculate the greatest common divisor of z and b.
10
Let i(f) = 2*f**3 - 2*f**2 - 2*f - 4. Let d be i(4). What is the highest common divisor of 12 and d?
12
Let l = 835 + -454. Suppose -2*x + 284 = -4*g, 0*x - 3*x - 3*g = -l. Let a be ((-48)/18)/((-4)/18). What is the greatest common factor of a and x?
12
Suppose 28 = g + 22. Suppose -14 = 2*f - 56. Suppose g*y - 3*y - f = 0. Calculate the greatest common factor of 35 and y.
7
Suppose 160 = 5*y + 5*r, 0*y + r = 5*y - 130. What is the greatest common factor of 18 and y?
9
Suppose 5*q = 167 + 133. What is the highest common divisor of 40 and q?
20
Let d be 4/6 + 1/3. Suppose -d + 9 = 2*u. Calculate the highest common divisor of u and 10.
2
Suppose -3*m + 0*m + 4*n = -124, 5*n + 200 = 5*m. Calculate the greatest common factor of 3 and m.
3
Suppose -2*d - 420 = -7*d. What is the highest common divisor of 28 and d?
28
Let r(p) = p**2 - 5*p - 3. Let n be r(5). Let b be 9*n/(9/(-2)). Let q = b + 2. Calculate the greatest common factor of 8 and q.
8
Suppose a = -b + 31, 9 = -a - 2*b + 41. Calculate the highest common factor of 45 and a.
15
Suppose -273 = -13*c + 117. What is the greatest common factor of c and 90?
30
Let b(j) = -j + 6 - 1 - 1 + 0. Let q be b(-6). What is the greatest common factor of 110 and q?
10
Let s = -24 + 52. Let j = 2 - 0. Let o be 1/j - (-27)/2. What is the highest common divisor of s and o?
14
Suppose 5*c + 6*z - 97 = 2*z, 5*z + 19 = 2*c. Suppose -c = -2*b + 7. Calculate the highest common divisor of b and 48.
12
Suppose -5*w + 67 = -4*v + 306, 3*w = -5*v + 271. Let d = 20 - 12. Calculate the highest common factor of d and v.
8
Let j(b) = b**3 + 12*b**2 + 7*b - 2. Let r be j(-11). What is the greatest common factor of r and 28?
14
Suppose -4*f = -q + 43 - 232, 0 = 5*f - 5*q - 225. Calculate the greatest common factor of f and 72.
24
Let v(t) = -16*t**2 + 2*t**3 - 2*t**2 + 9*t**2 - 11*t - 3*t**3. Let q be v(-9). What is the highest common divisor of 66 and q?
33
Suppose -3*r - 4*z - 19 + 38 = 0, -3*z + 24 = 3*r. Calculate the highest common factor of r and 26.
13
Let n = 194 - 82. Suppose n = 2*q + 4*u + 28, -q + 37 = u. Suppose -2*t - 2*y + 20 = 0, 0 = -t + 2*y + 2 + 2. Calculate the highest common divisor of q and t.
8
Let u = -27 - -41. Calculate the highest common factor of 14 and u.
14
Suppose -5*m + 2*m = -j - 119, -36 = -m + 4*j. What is the highest common divisor of 8 and m?
8
Suppose -3*d - 3 = 3, 3*i - 367 = -d. Calculate the highest common divisor of i and 82.
41
Suppose 5*p + 4 = -6. Let b be ((-8)/(-5))/(p/(-85)). Suppose 0 = 7*i - 10*i + 51. What is the highest common factor of i and b?
17
Let j be (63/(-4))/((-6)/16). Let u = 67 - j. Calculate the greatest common factor of u and 275.
25
Suppose 0 = -2*c - 4*a + 16, a = -c - 2*a + 9. Suppose 3*o - 2*u = 6, -3*o + u + c = 4*u. What is the greatest common divisor of o and 1?
1
Let d(m) = -m**3 + 9*m**2 + 13*m + 10. Suppose 0 = -3*w + 5 + 1, 5*w - 30 = -2*k. Let q be d(k). What is the greatest common factor of q and 10?
10
Let x be (-7)/(-4) - 1/(-4). Let m be 5*((x - 3) + -8). Let t be (m/4)/((-2)/8). What is the highest common factor of 15 and t?
15
Let s be (-2 - -1)/(1/(-2)). Suppose 0*c + 4*k + 27 = c, -s*k + 39 = 3*c. What is the highest common factor of 15 and c?
15
Let q = 71 - 53. Calculate the highest common divisor of 198 and q.
18
Let l be ((-16)/5)/((-4)/30). Let a = -86 - -146. What is the greatest common divisor of a and l?
12
Let o be (3 - 36*-2) + 0. Calculate the greatest common divisor of o and 15.
15
Suppose -2*h + 512 = 112. What is the highest common factor of 25 and h?
25
Suppose -c + 108 + 132 = 0. Calculate the greatest common factor of 30 and c.
30
Let y = -9 - -10. Let q be 1/(-1)*(-44 - y). Suppose 2*g - 4*l - 31 - 21 = 0, 156 = 5*g + 3*l. Calculate the highest common factor of q and g.
15
Suppose 3*n = 6, -4*n - 62 = b - 2*b. What is the greatest common divisor of 14 and b?
14
Let c be (286/(-4))/((-2)/4). Let v be (-1)/(-3) + (-2)/6. Suppose 0 = -p - v + 13. Calculate the greatest common divisor of p and c.
13
Let h(j) = j**2 - 2*j - 10. Let v be h(-8). What is the highest common divisor of v and 10?
10
Suppose -m + 2*p + 17 = -81, -m - 4*p + 128 = 0. What is the highest common divisor of m and 12?
12
Suppose 0 = 2*d - 11*d + 1836. What is the greatest common divisor of 34 and d?
34
Let g be -3*(-4)/6 + 6. Suppose 3*q + 2 = -5*l - 0*q, -1 = -3*l - 4*q. Let t be 17 + (-4 - (-2 + l)). What is the highest common factor of g and t?
8
Suppose -3*t + 172 = -0*t + 4*k, t + 2*k - 56 = 0. Suppose -5*n - t = -0. Let x = -9 - n. What is the greatest common factor of 27 and x?
3
Suppose i = 141 + 12. Let h = -91 + i. Suppose h = l - 59. Calculate the greatest common factor of l and 11.
11
Suppose 128 = 3*q + q. What is the greatest common factor of q and 4?
4
Suppose -2*c - 10 = -46. Calculate the greatest common divisor of 45 and c.
9
Let c = 192 - 126. Suppose 38 = 4*z + 3*b, z + b = 4*b + 17. What is the greatest common factor of c and z?
11
Suppose q - 24 = -5*q. Suppose 0 = c + c - 8. Calculate the highest common divisor of q and c.
4
Suppose -5*g + 4*g = -4*z - 34, g = 3*z + 29. What is the greatest common divisor of 2 and g?
2
Let t = -2 + 3. Suppose -q - 3 = -2*x, 2*x = 6*x - 8. Calculate the greatest common divisor of q and t.
1
Let w be (-159)/(-4) - (-1)/4. Let k be 3/(-1)*-4 + (-5 - -3). What is the greatest common divisor of w a